
True
Is 7806671 composite?
True
Is 934304541 prime?
False
Is 37968215 a prime number?
False
Is 261024077 composite?
False
Is 3304591 a composite number?
True
Is 304597 a prime number?
True
Is 215407 composite?
True
Is 15133769 composite?
True
Is 5498443 a composite number?
False
Is 76427011 prime?
False
Is 3253687 prime?
False
Is 62644369 prime?
True
Is 80944249 a composite number?
True
Is 574051 a prime number?
True
Is 22323937 prime?
False
Is 2129282003 prime?
True
Is 22662239 a prime number?
False
Is 5223643 a composite number?
False
Is 8573623 prime?
True
Is 505589369 a composite number?
True
Is 3186479 composite?
True
Is 229701893 prime?
True
Is 163106329 prime?
True
Is 3389143 a prime number?
False
Is 36276161 prime?
True
Is 351011 composite?
False
Is 40310591 prime?
True
Is 12307227 composite?
True
Is 76577173 prime?
True
Is 15567559 a composite number?
True
Is 50842453 a composite number?
True
Is 540920167 a prime number?
True
Is 818339 prime?
True
Is 1745099 a prime number?
False
Is 31500427 composite?
True
Is 2260387 prime?
True
Is 1292678 a composite number?
True
Is 1927879 a composite number?
False
Is 81094043 a prime number?
True
Is 253095343 prime?
False
Is 10132121 a composite number?
True
Is 2956931 composite?
False
Is 2234494 composite?
True
Is 626741 a prime number?
True
Is 189022831 a composite number?
False
Is 66214661 a prime number?
False
Is 23562437 a composite number?
True
Is 297785 a prime number?
False
Is 55177847 a composite number?
True
Is 17612054 prime?
False
Is 112629271 composite?
True
Is 1034965 composite?
True
Is 1865897 a composite number?
True
Is 7619641 a composite number?
True
Is 9495799 a composite number?
False
Is 363659 a prime number?
True
Is 13902101 a prime number?
True
Is 161264801 prime?
True
Is 152151257 a composite number?
True
Is 104289313 a prime number?
False
Is 7764721 a prime number?
False
Is 58444447 prime?
True
Is 1306205245 composite?
True
Is 4111199 a prime number?
True
Is 118080569 a composite number?
False
Is 26164043 prime?
True
Is 1499007 composite?
True
Is 235694863 a prime number?
True
Is 4378351 composite?
False
Is 237696461 a composite number?
True
Is 224249551 a prime number?
False
Is 131441561 prime?
True
Is 6387089 prime?
False
Is 246535 a prime number?
False
Is 6454861 composite?
True
Is 8751289 a composite number?
False
Is 337741 composite?
False
Is 4825307 a composite number?
False
Is 679537 a composite number?
False
Is 4312951 a prime number?
False
Is 3108787 prime?
False
Is 1636951 composite?
False
Is 584122807 prime?
False
Is 88424363 a prime number?
True
Is 8596031 a prime number?
True
Is 43034471 a composite number?
False
Is 680168209 a prime number?
False
Is 872003 a prime number?
False
Is 42799321 a composite number?
False
Is 55810067 prime?
False
Is 782810107 a prime number?
False
Is 2191694 a composite number?
True
Is 11570201 prime?
False
Is 803485 a prime number?
False
Is 31641601 composite?
False
Is 42686971 prime?
True
Is 196228573 a prime number?
False
Is 521206481 composite?
False
Is 310559 prime?
True
Is 411077 a prime number?
False
Is 47899339 a prime number?
True
Is 3525359 a prime number?
True
Is 10091311 composite?
False
Is 28348039 prime?
False
Is 302042617 a composite number?
False
Is 4107227 a composite number?
True
Is 42942593 prime?
True
Is 3864403 prime?
True
Is 6150197 prime?
False
Is 21088231 a composite number?
True
Is 1275067 composite?
False
Is 13375937 a composite number?
False
Is 1878341 prime?
False
Is 44759654 a prime number?
False
Is 673921 composite?
False
Is 177823 composite?
False
Is 673487881 composite?
True
Is 12749239 a composite number?
False
Is 33633913 prime?
True
Is 38387045 composite?
True
Is 2349767 a prime number?
False
Is 11938853 composite?
False
Is 67775333 a composite number?
False
Is 5930963 a composite number?
False
Is 5038321 prime?
True
Is 30071279 a composite number?
True
Is 351844721 a prime number?
True
Is 512477061 composite?
True
Is 11628385 prime?
False
Is 15996691 composite?
True
Is 1221919657 prime?
False
Is 784123 a composite number?
True
Is 5504381 a prime number?
True
Is 31072247 composite?
False
Is 4045793 a composite number?
True
Is 93487201 prime?
False
Is 15007771 prime?
False
Is 8963935 composite?
True
Is 57010699 composite?
True
Is 15654991 composite?
True
Is 157107241 a composite number?
True
Is 3337847 a composite number?
False
Is 2833009 a prime number?
False
Is 37825007 a composite number?
True
Is 34262011 a prime number?
False
Is 55777858 a composite number?
True
Is 9682759 prime?
True
Is 5919055 a composite number?
True
Is 55704877 a prime number?
True
Is 148295157 prime?
False
Is 141043043 a composite number?
True
Is 851026583 a composite number?
True
Is 84934114 composite?
True
Is 398538599 a composite number?
True
Is 118519957 a composite number?
False
Is 44669071 composite?
False
Is 5158829 a prime number?
False
Is 215032673 composite?
False
Is 8057747 a prime number?
True
Is 11153759 a composite number?
False
Is 156571727 prime?
False
Is 6504815 a prime number?
False
Is 84309947 composite?
False
Is 128061523 a prime number?
False
Is 79036613 prime?
True
Is 5386471 prime?
True
Is 91845701 a composite number?
False
Is 3228937 a composite number?
False
Is 45959371 a composite number?
False
Is 3771889 a prime number?
False
Is 9107711 a composite number?
True
Is 16469491 a prime number?
True
Is 494141897 composite?
False
Is 2251001 a composite number?
False
Is 17715557 prime?
True
Is 37702123 a composite number?
False
Is 269771 a composite number?
True
Is 2768003 composite?
True
Is 353029297 a composite number?
False
Is 2659529 a composite number?
True
Is 20137993 prime?
True
Is 82368973 a prime number?
False
Is 1211207 a prime number?
True
Is 11144143 a prime number?
False
Is 5394563 a prime number?
False
Is 12907649 composite?
False
Is 14793469 prime?
True
Is 3933263 a composite number?
True
Is 52216429 prime?
True
Is 209687 composite?
False
Is 128464099 a prime number?
True
Is 8248634 a composite number?
True
Is 1277387 a prime number?
True
Is 18262829 composite?
True
Is 28037263 composite?
False
Is 1414121 composite?
True
Is 1748779 composite?
True
Is 741869663 composite?
True
Is 3410677 a composite number?
False
Is 36158519 composite?
False
Is 47164493 composite?
False
Is 3029605 prime?
False
Is 417247349 a composite number?
False
Is 2734031297 composite?
False
Is 30862781 prime?
False
Is 18226123 prime?
False
Is 8669657 a prime number?
True
Is 13010411 prime?
True
Is 43084711 a composite number?
False
Is 821281 a composite number?
False
Is 128886997 a prime number?
False
Is 2681524751 composite?
False
Is 15117287 a prime number?
True
Is 11478601 composite?
False
Is 5688941 a prime number?
True
Is 246889 a prime number?
True
Is 975239 prime?
False
Is 1473841 composite?
False
Is 86779997 a prime number?
False
Is 20261023 a composite number?
False
Is 22714561 prime?
True
Is 2721247 a composite number?
False
Is 1650642221 prime?
True
Is 18893711 a composite number?
False
Is 45804881 prime?
False
Is 3874979 a composite number?
False
Is 13051543 composite?
True
Is 13945901 prime?
True
Is 115342871 composite?
True
Is 111848923 prime?
False
Is 1359467 prime?
True
Is 4894709 prime?
False
Is 5930423 a composite number?
False
Is 169697807 prime?
False
Is 146185661 prime?
True
Is 26830378 composite?
True
Is 26989763 a prime number?
False
Is 109390793 a prime number?
True
Is 7807389 prime?
False
Is 150976073 prime?
False
Is 6726127 composite?
True
Is 91567999 a composite number?
True
Is 693407249 prime?
True
Is 208492651 a composite number?
False
Is 104380343 prime?
False
Is 175518019 a prime number?
True
Is 5316173 a composite number?
False
Is 70917862 composite?
True
Is 3391273 a composite number?
True
Is 1803721 composite?
True
Is 1042973 a prime number?
False
Is 904637 a prime number?
True
Is 9395926 a composite number?
True
Is 9914671 prime?
False
Is 192651023 composite?
False
Is 24527119 a composite number?
True
Is 3715967 prime?
True
Is 7711817 prime?
True
Is 121995649 prime?
True
Is 422787199 a prime number?
False
Is 2010259 a composite number?
True
Is 22267453 a prime number?
False
Is 3086323 a prime number?
False
Is 45201467 a prime number?
False
Is 38463553 prime?
True
Is 1731767 prime